t c = -3 - -12. Let z = c - 9. Let x = 5 + z. What is the remainder when x is divided by 4?
1
Let q(i) = -11*i - 69. Calculate the remainder when 205 is divided by q(-11).
49
Let u be (-216)/(-60) - 2/(-5). Suppose u*h = 9*h - 90. Let l(m) = -13*m + 4. Calculate the remainder when l(-5) is divided by h.
15
Let b(y) = 3*y - 10. Let h be b(5). Suppose 0 = -5*d - h, 2*x = d + 3*d + 36. Calculate the remainder when 43 is divided by x.
11
Let h(o) = 5*o**3 - 2*o + 1. Let n be h(1). Suppose 2*x + 2*m - 12 = 0, 5*m + 2 + n = -x. Calculate the remainder when x is divided by 6.
3
Let m be (40/12)/(6/(-9)). What is the remainder when 3*1/m*-65 is divided by 10?
9
Let z = 846 + -830. Let v = 3 - -2. Suppose 4*s - 82 = -q - q, 2*q - 80 = -v*s. What is the remainder when q is divided by z?
13
Let c(r) = 12*r - 12. Suppose -4*s + 34 = 14. Calculate the remainder when c(s) is divided by 18.
12
Suppose 3*w - 21 = 348. Let j = w - 120. Calculate the remainder when j is divided by 2.
1
Let z(t) = -3*t**2 - 8*t - 2. Let q(l) = -5*l**2 - 15*l - 5. Let d(k) = 4*q(k) - 7*z(k). What is the remainder when d(8) is divided by 15?
11
Let s = 0 - -3. Suppose s*w - 4 = w. What is the remainder when 258/8 + w/(-8) is divided by 11?
10
Let t be (-326)/(-7) - 12/21. Let f = 197 - t. Let r = f - 81. Calculate the remainder when r is divided by 12.
10
Let i = -594 - -623. Calculate the remainder when 224 is divided by i.
21
Suppose 0 = 3*k + m - 54, 78*k = 75*k + 5*m + 54. Let x(g) = g**2 - 8*g. Let j be x(7). Let h = 14 + j. What is the remainder when k is divided by h?
4
Suppose -4*x + 381 + 351 = 0. Let m = -25 - -71. What is the remainder when x is divided by m?
45
Let t = -53 + 107. Suppose -106*g = -112*g + t. Calculate the remainder when 10 is divided by g.
1
Let x(u) = -u**2 + 10*u - 11. Suppose -3*k + k + 16 = 0. Calculate the remainder when 4/(-6) + (-616)/(-33) - 1 is divided by x(k).
2
Let l = -1214 - -1238. Calculate the remainder when 93 is divided by l.
21
Suppose -j - g + 1 = 0, 4 = 2*j - 6*j + 4*g. Suppose 4*q - 20 = 4*u - j*q, -5*u - 3*q - 41 = 0. Let w = 0 - u. What is the remainder when 12 is divided by w?
5
Suppose -q + 2*c = -10, 5*q - 2*c - 2*c = 20. Let v be 0/(1 - q - 0). Suppose -5*k - 4 + 54 = v. Calculate the remainder when 27 is divided by k.
7
Suppose -6*h = 4*h - 210. Let b(g) = g**3 - 22*g**2 + 19*g + 51. Let y = 33 + -18. What is the remainder when y is divided by b(h)?
6
Suppose 7*t - 1239 = 8211. Calculate the remainder when t is divided by 52.
50
Let v = -1 - 5. Let o = v - -16. Suppose 5*b = 3*r + 4*b - 78, -5*b + 69 = 2*r. Calculate the remainder when r is divided by o.
7
Let q = -26 + 27. Let w be (1 + 14 + -3)*q. Suppose -8*g = -w*g + 320. Calculate the remainder when g is divided by 27.
26
Let n(q) = -59*q - 32. What is the remainder when n(-2) is divided by 25?
11
Let n(f) = -2*f + 88. Calculate the remainder when 31 is divided by n(35).
13
Suppose 2*k + k = -9. Let n(t) = -345*t - 1709. Calculate the remainder when 27 + (1 + -2 - k) is divided by n(-5).
13
Suppose 826 = 22*n - 186. Calculate the remainder when 100 is divided by n.
8
Let m be (2 - -1) + -2 + 15. Suppose -m = -21*k + 20*k. What is the remainder when k is divided by 9?
7
Suppose 5*f + 4 = -2*l, 5*l - 33 = -3*f - 5. What is the remainder when 49 is divided by l?
1
Suppose -12 = -0*k + 4*k. Let a = k - -26. Calculate the remainder when a is divided by 3*-1 + (-150)/(-10).
11
Let f = -46 - -33. Let l = f + 19. Suppose 5*m - 64 = -3*g, 4*g - 84 + 17 = -5*m. What is the remainder when m is divided by l?
5
Calculate the remainder when 189 is divided by -58*(2/4 - 1).
15
Let h = -90 + 53. Let t = 2 - h. Calculate the remainder when t is divided by 11.
6
Suppose 50 = 14*c - 4*c. Suppose 5*p - c*m = 120, m - 80 = -2*p - p. Calculate the remainder when 41 is divided by p.
15
Suppose -523 - 613 = -3*a - 5*f, -3*a = -3*f - 1152. Suppose 0 = 3*s + 50 + a. What is the remainder when 38 is divided by s/(-14) + (-10)/35?
8
Suppose 2*q + 1503 = -3*k + 5*q, -1500 = 3*k - 4*q. Calculate the remainder when (3*(-1)/4)/(6/k) is divided by 33.
30
Calculate the remainder when -3 + 0 + 0 + 63 + 2 is divided by 21.
20
Let b be 48 + (-4 - -1 - -4). Let x = b - 35. Calculate the remainder when 23 is divided by x.
9
Suppose -730 = -5*h - 225. What is the remainder when h is divided by 6?
5
Suppose 2*j - 24 = -2*j. Let h(s) = -s + 26. Calculate the remainder when h(10) is divided by j.
4
Let u = 707 - 64. Calculate the remainder when u is divided by 129.
127
Suppose 0 = -9*a - 197 + 1304. Calculate the remainder when a is divided by (43 - 1) + 0/2.
39
Let j = -4 + 7. Let p be 2/j + (-22)/6. What is the remainder when (p/(-4) - -2)*8 is divided by 8?
6
Let s = 597 - 407. Suppose p + 280 = 3*i - p, 2*p = -2*i + s. What is the remainder when i is divided by 32?
30
Suppose -3*m - 22 = -f - 88, 5*m + 5*f = 110. Let z = -3 + m. Calculate the remainder when 226 is divided by z.
17
Suppose 6*u - u + 95 = 0. Let i = -33 - u. Let w = -3 - i. What is the remainder when 21 is divided by w?
10
Suppose -3*g + p + 113 = 0, 5*g - 5*p - 247 = -42. Calculate the remainder when (221 - 5) + (-4 - -2*1) is divided by g.
34
Let o = -97 - -107. What is the remainder when 48 is divided by o?
8
Let n = 46642 - 46606. Calculate the remainder when (6/2)/((-1)/(-34)) is divided by n.
30
Suppose 0 = 5*m - 5*t - 25, 0 - 5 = -2*m - 3*t. Suppose -2*b = m*b - 156. Suppose -b = -5*h + 24. Calculate the remainder when 29 is divided by h.
9
Let l = 16 + -28. Let q(n) = 60 - 131 + 67 - 13*n - n**2. Calculate the remainder when 28 is divided by q(l).
4
Let r(z) = 3*z**2 - 39*z - 61. What is the remainder when r(16) is divided by 3?
2
Let g(n) = -14*n + 0*n - 6 - n**2 - n + n. What is the remainder when g(-9) is divided by 11?
6
Suppose 967*s - 8970 = 937*s. What is the remainder when s is divided by 10?
9
Suppose -5*j + 5*v = -50, -j - 4*j + 52 = -3*v. Let z be 6/(24/(-44))*1. Let p = z + 30. Calculate the remainder when p is divided by j.
8
Let g(t) = -27*t**2 - 7*t - 6. Let m(h) = 28*h**2 + 8*h + 7. Let c(w) = -6*g(w) - 5*m(w). Calculate the remainder when c(-1) is divided by 8.
5
Let m(y) = -7*y**3 - 3*y**2 - 2*y - 3. Let v be m(-3). Suppose 0 = -8*b + 3*b + v. What is the remainder when b is divided by 5?
3
Suppose p + 11 = 38. Suppose -p = -x - 17. Calculate the remainder when x is divided by 4.
2
Suppose -4*f + 72 = -16. Suppose 12 = o - f. Let w = 62 - o. Calculate the remainder when w is divided by 10.
8
Let p = 182 - 110. What is the remainder when p is divided by (-218)/(-12) - (-95)/114?
15
Calculate the remainder when 110 is divided by (1*34)/(42/84).
42
Suppose 225 = 25*u - 500. What is the remainder when u is divided by 15?
14
Suppose 3*o - 8*o + 285 = 2*h, 0 = 4*o + h - 228. Calculate the remainder when o is divided by 6/30 + (-432)/(-15).
28
Let i = 74 - 80. What is the remainder when -53*(i/12 - 1/2) is divided by 18?
17
Let b = -34 - -80. Suppose -b = 8*z - 9*z. What is the remainder when z is divided by 16?
14
Suppose -139 = -5*x - 19. Let s = 1 - -6. What is the remainder when x is divided by s?
3
Let w(f) = f**2 - 31*f - 137. What is the remainder when 14 is divided by w(-4)?
2
Let z = 37 - -333. What is the remainder when z is divided by 7?
6
Suppose -9 + 9 = -2*i. Suppose 2*g + g + 3*t - 162 = i, 0 = 5*g - t - 276. What is the remainder when g is divided by 19?
17
Let s be (-10)/35 - (0 + (-200)/14). Suppose 0 = 5*h - 44 + s. What is the remainder when h is divided by 3?
0
Let v(c) = -6*c - 2. Calculate the remainder when (-1 - 10)/(-4 - -3) is divided by v(-1).
3
Suppose 5*f - 92 = 123. Suppose -p = -2*k - f - 12, -5*k + 259 = 4*p. Calculate the remainder when p is divided by 13.
9
Suppose b + 2*t - 13 = 0, 10*t - 7*t - 15 = -b. What is the remainder when 33 is divided by b?
6
Let o(j) = 5*j**2 + 5*j**2 - 2*j**2 + 5 + 0*j**2 - 11*j + j**3. Let b be o(-9). Calculate the remainder when (b/(-3))/((-2)/18) is divided by 18.
15
Suppose -26 = -3*d - 4*n, -4*d + 3*n - 4*n + 13 = 0. Let l(k) = -k**2 - 3*k + 2. Let i = -1 + -2. What is the remainder when d is divided by l(i)?
0
Suppose 0*w + w = 1, -2*o - 2*w + 4 = 0. Calculate the remainder when 89 is divided by (0 + 1)/(o/31*1).
27
Let w(o) = 2*o**3 - 14*o**2 + 16*o